ighest common divisor of 291019 and 69?
23
Calculate the greatest common divisor of 43872 and 42528.
96
Calculate the highest common factor of 14 and 302554.
14
What is the greatest common factor of 1668 and 38781?
417
What is the highest common factor of 1326 and 819?
39
Calculate the greatest common factor of 548320 and 2484.
92
What is the highest common divisor of 7326 and 288?
18
What is the greatest common factor of 274106 and 98?
98
What is the highest common factor of 17 and 229891?
17
What is the greatest common divisor of 258964 and 404?
404
What is the highest common divisor of 1881 and 5225?
209
Calculate the greatest common divisor of 1107 and 7872.
123
Calculate the greatest common divisor of 2507799 and 21.
21
What is the highest common divisor of 12079 and 47?
47
What is the greatest common factor of 750 and 214580?
10
Calculate the highest common factor of 221 and 102850.
17
Calculate the greatest common factor of 198646 and 147.
49
Calculate the greatest common factor of 365384 and 80.
8
Calculate the greatest common divisor of 322 and 141519.
161
What is the greatest common factor of 124 and 15903?
31
What is the highest common factor of 31382 and 234?
26
Calculate the greatest common factor of 223 and 1273553.
223
Calculate the greatest common factor of 864262 and 154.
14
What is the greatest common divisor of 3336090 and 40?
10
What is the highest common divisor of 3045 and 420?
105
Calculate the highest common factor of 224 and 4396.
28
Calculate the greatest common factor of 119210 and 1995.
35
Calculate the highest common factor of 89045 and 2200.
55
Calculate the highest common factor of 2744 and 21609.
343
What is the highest common factor of 145065 and 570?
285
Calculate the greatest common factor of 20478 and 114.
6
Calculate the highest common divisor of 119370 and 414.
138
What is the greatest common factor of 7638 and 3192?
114
Calculate the highest common factor of 4041 and 77677.
449
Calculate the greatest common factor of 2871769 and 398.
199
What is the highest common divisor of 455 and 7891?
13
Calculate the greatest common factor of 481 and 3835.
13
Calculate the highest common factor of 45359 and 335.
67
Calculate the highest common divisor of 27224 and 24.
8
What is the greatest common factor of 154 and 588258?
22
Calculate the highest common factor of 38143 and 1967.
7
What is the greatest common divisor of 132495 and 660?
165
What is the highest common divisor of 10825 and 3125?
25
Calculate the greatest common divisor of 666501 and 228.
57
Calculate the greatest common divisor of 1870 and 833.
17
Calculate the greatest common divisor of 10080 and 1530.
90
What is the highest common factor of 840960 and 180?
180
What is the highest common divisor of 407 and 1517?
37
Calculate the highest common factor of 1807 and 15795.
13
What is the greatest common divisor of 66588 and 744?
372
Calculate the greatest common divisor of 804651 and 183.
183
Calculate the highest common divisor of 50 and 39590.
10
Calculate the highest common divisor of 87 and 218544.
87
Calculate the highest common divisor of 8024 and 16402.
118
Calculate the highest common factor of 5746 and 9146.
34
What is the greatest common divisor of 60163 and 51?
17
Calculate the greatest common divisor of 25998 and 42.
42
What is the greatest common factor of 140 and 44?
4
Calculate the greatest common factor of 4 and 1018280.
4
What is the highest common factor of 639364 and 484?
484
What is the highest common divisor of 3310 and 86722?
662
What is the greatest common factor of 18816 and 46452?
588
Calculate the highest common factor of 905 and 309329.
181
What is the highest common divisor of 10050330 and 15?
15
Calculate the highest common divisor of 731034 and 714.
102
Calculate the greatest common factor of 2433 and 24.
3
What is the greatest common factor of 481476 and 24?
12
What is the highest common divisor of 315 and 6151005?
315
Calculate the highest common divisor of 7667 and 1105.
17
What is the greatest common divisor of 88 and 52228?
44
Calculate the highest common divisor of 141267 and 7.
7
What is the greatest common divisor of 665 and 260281?
133
Calculate the highest common factor of 6045 and 333.
3
What is the highest common divisor of 12382 and 246?
82
Calculate the highest common divisor of 15700 and 23900.
100
Calculate the greatest common divisor of 86053 and 11.
11
Calculate the greatest common divisor of 57 and 33421.
19
Calculate the highest common divisor of 3423 and 289488.
489
Calculate the highest common divisor of 75144 and 12.
12
Calculate the highest common divisor of 1056 and 82272.
96
What is the highest common factor of 6 and 25494?
6
What is the highest common factor of 122 and 795623?
61
Calculate the highest common divisor of 559 and 1300.
13
Calculate the highest common divisor of 176 and 190168.
88
What is the highest common factor of 3544 and 248?
8
Calculate the greatest common divisor of 4134 and 546.
78
What is the greatest common divisor of 2112 and 11436?
12
What is the highest common factor of 44172 and 423?
9
What is the greatest common factor of 817604 and 828?
92
What is the greatest common factor of 3540 and 106495?
295
Calculate the greatest common factor of 1476630 and 2430.
810
What is the greatest common divisor of 8484 and 924?
84
Calculate the greatest common divisor of 552 and 1057448.
184
What is the greatest common factor of 312 and 3159?
39
Calculate the highest common divisor of 28 and 84826.
14
What is the highest common divisor of 45 and 257427?
9
What is the greatest common divisor of 167564 and 5542?
326
What is the highest common divisor of 75 and 16395?
15
What is the greatest common divisor of 25389 and 62?
31
Calculate the greatest common divisor of 3161 and 8829.
109
Calculate the greatest common factor of 1854 and 22042.
206
Calculate the highest common factor of 2997 and 2701.
37
Calculate the greatest common factor of 24 and 176688.
24
What is the greatest common divisor of 683870 and 110?
110
What is the greatest common divisor of 81550 and 10150?
350
What is the greatest common factor of 487345 and 87?
29
What is the highest common factor of 8320 and 695?
5
Calculate the greatest common divisor of 1216 and 342.
38
What is the highest common divisor of 112032 and 10656?
288
Calculate the highest common divisor of 135 and 161811.
27
Calculate the greatest common divisor of 366896 and 5152.
368
What is the highest common divisor of 15840 and 18540?
180
Calculate the greatest common divisor of 106700 and 450.
50
What is the greatest common divisor of 805 and 100135?
35
Calculate the highest common divisor of 54 and 10344.
6
Calculate the highest common factor of 718858 and 112.
14
What is the greatest common factor of 15821 and 3081?
13
Calculate the greatest common factor of 1800 and 1825.
25
Calculate the highest common factor of 354933 and 2373.
339
Calculate the highest common divisor of 14756 and 224.
28
What is the highest common factor of 885 and 1400955?
885
Calculate the greatest common factor of 4 and 78748.
4
What is the greatest common factor of 26671 and 10877?
149
Calculate the greatest common divisor of 24 and 34424.
8
What is the highest common divisor of 59528 and 35?
7
Calculate the highest common factor of 773 and 694154.
773
What is the greatest common divisor of 175 and 93240?
35
What is the greatest common divisor of 99 and 153432?
9
What is the greatest common divisor of 1577 and 131804?
83
What is the highest common divisor of 18 and 505143?
9
What is the highest common divisor of 17297 and 1421?
49
What is the highest common factor of 4976 and 5284?
4
What is the greatest common factor of 153 and 9792?
153
Calculate the highest common divisor of 592280 and 1040.
520
Calculate the greatest common factor of 1112 and 1476.
4
What is the greatest common factor of 9228 and 192?
12
What is the highest common divisor of 203 and 27454?
7
What is the greatest common factor of 4718 and 154346?
674
What is the highest common divisor of 120 and 384?
24
Calculate the greatest common divisor of 59596 and 188.
188
What is the highest common factor of 291768 and 2?
2
What is the greatest common factor of 63 and 819?
63
What is the greatest common divisor of 88